te -5 + -23 + 8 + -2 + 4.
-18
Evaluate -8 - (-15 + -5) - 5.
7
What is 1 + 9 - (43 - 11 - 22)?
0
Evaluate (-5 - -32 - 56) + 25.
-4
What is 302 + -307 - (-1 - -1)?
-5
What is the value of (41 - 35) + -5 + -1 + (-2 - -4)?
2
(-83 - -81) + (3 - -1)
2
What is (-9 - (-13 + -15)) + -8?
11
Evaluate 11 + (-2 - 0) - (4 + 11).
-6
What is the value of -33 - -45 - (7 - -9)?
-4
Evaluate -649 - -643 - ((-1 - 13) + 0) - -14.
22
Evaluate 10 + -17 + (-13 - -30).
10
What is 7 + -15 + (12 - (0 + 3))?
1
Calculate (-5 - -2) + -23 + 69 + -42.
1
Calculate -7 + 15 - (4 - -16).
-12
-1 + -16 - (159 + -186)
10
What is -10 + 3 - (-13 - -26)?
-20
What is the value of 10 + -14 + 7 - -7?
10
1 - 5 - (-2 + -2) - (-2 + 7)
-5
Evaluate (3 - (2 - -4)) + (-10 - (-9 - 2)).
-2
Evaluate 10 - 18 - -5 - 23.
-26
What is the value of -2 + 27 - (0 - 9 - -18)?
16
Calculate -9 - 1 - (13 - 39).
16
Calculate (-79 - -85) + 20 + -40.
-14
Calculate 22 - ((-14 - -28) + -16 - 2).
26
Evaluate 3 + -5 + -19 + 13.
-8
What is 8 - 4 - (-1 - -1 - -5)?
-1
1 + -5 - (-2 - 0) - (1 - -4)
-7
7 - (-2 + (-2 - -9 - -6))
-4
(5 - 0) + -1 + -2 + 5
7
Calculate 9 + (0 - 24) + (-4 - 18 - -24).
-13
What is the value of 8 + 5 + (-2 - 2)?
9
What is 1 + -4 + 2 + -7 - -1?
-7
What is the value of -45 - ((2 - (7 - 14)) + 2 - 21)?
-35
4 + (-5 - -8 - 5) - (-2 + 8)
-4
34 + -56 - (-27 - 7)
12
Calculate -27 + 32 - 13 - 18.
-26
What is the value of -5 + (-12 - -4) - -3?
-10
What is the value of (-5 - (-10 - -6)) + 9 + -13?
-5
Calculate -6 - ((-14 - -22 - 5) + 14).
-23
Evaluate -6 + (2 - (-3 - 5 - -9)).
-5
Calculate (4 - (-4 - -13)) + (8 - -15) + -8.
10
What is 3 + (18 - 5) + -32?
-16
(-45 - -44) + 0 + -8 - 5
-14
What is the value of -5 + 11 + -31 - -17?
-8
What is -15 + -1 - (5 - (-43 + 29))?
-35
Calculate -4 + 10 + (-7 - (-15 - -8)).
6
6 + 1 + (1 - -5)
13
What is -92 + 93 - (-3 + 1 - (-10 - -1))?
-6
(-202 - -194) + (18 - 1) + -24
-15
(49 + -84 - -21) + 0 + 15
1
7 + 8 + (-6 - 3)
6
(-48 - -76 - 39) + 0 + -1
-12
-18 + (-3 + 28 - 12)
-5
Evaluate -52 + (13 - (35 - 64)).
-10
3 + (-15 - 17) - -20
-9
Evaluate 5 + -29 + (231 - 191).
16
Evaluate 28 + -71 + (-18 - -44).
-17
What is 43 + -69 - (3 - 10 - -3)?
-22
Calculate (-8 - -19) + -14 + -5 + 16.
8
What is -5 - (1 + -6 + -3) - 13 - -10?
0
What is the value of 2 - 13 - (8 - (35 + -21))?
-5
Evaluate 3 - ((-76 - -93) + (-2 + 8 - -1)).
-21
Evaluate (4 - -1) + (1 - (6 + -1 + 0)).
1
Calculate (-11 - -20) + 2 + -1 + 0 + -3.
7
What is the value of (-4 - (5 + -6)) + -5 + 3 - -10?
5
What is 1 + -8 + -1 + (-6 - -35)?
21
What is -509 + 486 - (-5 - -2)?
-20
Calculate -1 + (-2 - (7 - 16) - 15).
-9
Calculate -19 + 28 + (12 - 10) + -30.
-19
Evaluate (-18 - -22 - (1 - 1)) + -5.
-1
Calculate (-5 - (-12 - (-12 + 6) - 2)) + 4.
7
What is the value of (-195 + 221 - (14 - 1)) + 3?
16
What is 19 + (30 - (-14 + 42))?
21
What is the value of -17 + 7 + 1 + 2 + -8 + -13?
-28
What is (4 - -12) + (1 - 25)?
-8
-11 + -5 + -3 + 9 + -2
-12
Evaluate 7 + 43 + -13 + -69.
-32
Evaluate -21 + 1 - (-12 - (15 + -24)).
-17
Calculate 0 - (74 - 70 - ((-4 - -4) + 7)).
3
What is 9 + -9 + 10 + (1 - 2 - -1)?
10
(-3 - -1) + (4 - (25 + -5) - -5)
-13
Evaluate 2 + -33 + 4 + 37.
10
Calculate 14 + (19 + (14 - 10) - 10).
27
Calculate 0 + -6 + (-6 - -1) - -38.
27
21 + -15 - -4 - 1
9
-19 - (-5 + 9 + (-11 - -2))
-14
What is 46 + -27 + 37 + -33?
23
What is (-30 - -6 - -19) + (-16 - -7)?
-14
Evaluate -2 + (1 - (10 + 2 - 13)).
0
Calculate -5 + 2 + -13 + 14 + -7 + 11.
2
What is the value of 20 - (6 + -1 - (10 + -12))?
13
(0 + 1 - -4) + (-133 - -129)
1
What is (3 - 3 - -8 - 0) + -7?
1
Evaluate -22 + -1 + (0 + 4 - (15 - 16)).
-18
What is the value of 1 + 5 + -1 + (3 - -5) + -11?
2
Evaluate -12 + 8 + 26 + -19.
3
Calculate -2 - (-11 + 5 + 15 - 18).
7
Calculate 14 - (8 + 0) - (0 - -2).
4
Calculate 12 - 12 - ((4 - (6 - 4)) + 4).
-6
Calculate 1 + -3 - (-267 + 279).
-14
What is -124 + 117 - (2 + -8 + -2)?
1
Evaluate (-21 - (-16 + -7)) + 6.
8
Evaluate 4 + (2 - 21) + 27.
12
What is the value of 9 - ((1 - 4) + (-5 - -9) - -9)?
-1
What is -6 - (48 + -59 + 0 + -2 + 5)?
2
What is the value of -13 - (17 + -19 - 0)?
-11
What is (-96 - -41) + 27 + 31?
3
Calculate -39 + 26 - (2 + -4).
-11
-2 + -2 + -1 + (-27 - -29)
-3
What is the value of (11 - (-12 - -3)) + -8?
12
What is the value of -1 - (10 - 19 - 1)?
9
Calculate 5 + 12 + -24 + -6 - -14.
1
19 + -8 + -10 + -2
-1
What is 20 + -8 + -17 - -29?
24
4 + (-4 - -14) + (2 - (-1 - 0))
17
-123 + 107 - (3 + -33)
14
Calculate 16 - ((19 - -38) + (-8 - 0)).
-33
Evaluate (12 - -7) + (-22 - 16 - -24).
5
What is -20 - (-3 - (-4 - -12)) - (-3 + -1)?
-5
What is -10 + (143 - 131) - (-1 - (-1 - -3))?
5
What is 14 + -6 + (2 + -7 - -2)?
5
-1 + -5 - (-21 + 17) - (0 - 8)
6
Calculate -2 + 0 + -3 + 9 + 15 + 0.
19
What is the value of 12 - (8 - 2 - (2 + -3))?
5
Evaluate (18 - (-4 + -5 + 1)) + 0 + -2.
24
What is the value of 4 - 16 - (4 - 5)?
-11
(34 - 12) + -8 + 0
14
What is (127 - 119) + (-2 - -1)?
7
What is (-8 - 2 - 1) + -131 + 129?
-13
-19 - (-28 - (-31 + -4))
-26
What is 4 - ((-11 - -7) + -33)?
41
Calculate -2 + 7 + 14 + (6 - 3) + -9.
13
Calculate 8 - (-6 + 15 + 12).
-13
Calculate -34 + 11 + 2 - -29.
8
Calculate -11 + -1 + 4 + 4 - 9.
-13
Calculate 18 - (33 - (0 + 1)).
-14
What is -6 + -25 + 40 - 30?
-21
Evaluate 24 - (1 + (-5 - -1 - -11)).
16
What is the value of -55 + 33 + -6 + 9?
-19
What is 795 - 758 - (0 - -25)?
12
9 - ((-13 - -4) + -1 + -3 + -1)
23
Evaluate 5 + (4 - (-8 - -5 - -3)).
9
Evaluate 7 - 3 - ((-5 - -24) + -6 + -4).
-5
(9 - 3) + -5 - (0 + (11 - -4))
-14
2 + (5 - 14) + 1 + -4 - -29
19
-48 + -1 + 20 + (-33 - -22)
-40
(15 - -2) + (-172 - -141)
-14
What is the value of (-1 + -1 + 0 - 3) + -9?
-14
Evaluate -9 + (3 - 30 - -23).
-13
28 + (8 - (34 + 34))
-32
Evaluate (26 + -45 - -10) + -7.
-16
0 + -3 - (-14 - (-7 - 4))
0
What is (-161 - -132) + (-1 - -19)?
-11
12 + 4 + -17 + 6
5
-18 + (14 - (18 + -14))
-8
Calculate 3 + (-16 - -20) + 1.
8
Evaluate (-5 - 14) + -8 + 19 - 11.
-19
Calculate -11 + (35 + 8 - (12 + 0)).
20
What is (5 - (5 + 15)) + -8 + (-7 - -12)?
-18
Evaluate 10 + (0 - 8) - (-1 + 5) - -15.
13
Calculate (0 - 2) + (1 + 16 - 18) - -5.
2
Evaluate (10 - (1 - 0)) + -18 + 6 + 6.
3
(1 - 1 - 0) + 39 - (-9821 - -9829)
31
What is the value of 43 - (-39 + 16 + 41)?
25
What is the value of 3 - ((30 - 14) + (-1 - 0) - -8)?
-20
What is -35 + 16 - (-2 - (-4 - 9))?
-30
What is the value of 13 + (15 + -18 + 4 - (1 + -1))?
14
Evaluate -11 + -2 + (14 - 7).
-6
Calculate 7 + -5 + (44 - 21 - 10).
15
What is the value of (15 + -13 - (4 + -2)) + -9?
-9
-6 - (-2 + (-1 - (-4 - 1 - -4)))
-4
Calculate -12 + (19 - -15) + -34.
-12
What is the value of -7 + 13 + -24 + -3?
-21
What is the value of (19 - -1) + -9 + 19 + (-1 - 15)?
14
-4 + (-2 - 3 - (4 + 0) - -27)
14
Evaluate -45 + 50 + (0 - 0) + 3 - 9.
-1
What is the value of (-4 - (-29 - 6)) + (4 - 5)?
30
What is 4 - 4 - (-13 - -30)?
-17
(-10 - 11) + (-4 - -1 - 0 - -14)
-10
Calculate 27 + 5 + -35 + (4 - 0).
1
What is the value of 6 + -5 + 2 - 3 - (-46 - -26)?
20
Calculate (-9 - -4) + (-4 - (-3 + (2 - -3))).
-11
Calculate (-1 - 6) + -4 + 20 + -1.
8
-9 + (-11 - ((1 - 8) + -11)) - -12
10
Calculate (-5 - -14) + -15 - -11 - -13.
18
What is 25 - 33 - (-3 + -2 + 1) - -9?
5
What is -32 + (-151 - -148 - (-16 + 0))?
-19
(60 - 26) + -7 + -6
21
What is the value of -27 - (-15 + -9 + 8)?
-11
What is the value of 1 - (-1 + -4 + 0) - (-538 - -544)?
0
Evaluate (5 + -8 - 6) + 15.
6
(604 - 563) + (5 + -2 + -4 - 2)
38
What is 15 + (7 - -4 - (-1 + 10))?
17
26 + (-85 - -6 - -21)
-32
What is (7 - 7 - -17) + -6 - 4?
7
Calculate (54 - 9) + -52 + (1 - (4 + 0)).
-10
Calculate -8 - (3 + -2 + (-9 - -9) + 8).
-17
-9 + 3 + -9 + 23 - 0
8
What is (7 - (1 + -3)) + -10 + -55 + 57?
1
Calculate 5 + -22 + -4 - (-14 + -2).
-5
Calculate (3 - 0) + (-31 - (-5 + -23)).
0
What is the value of (3 - -8) + -2 + -14 + -20?
-25
What is the value of 11 + (-8 - (-16 + 10) - 6)?
3
What is 13 - (-7 + (-5 + 12 - 5) + -5)?
23
What is the value of 1897 - 1890 - (-2 + -1 + 1 - -1)?
8
Evaluate 1 + 0 + (-3 - (1 - (-8 - -6))).
-5
What is the value of (-1 - (5 - (6 - 1) - -6)) + -5?
-12
What is -7 + -47 + (17 - -19)?
-18
Calculate 1 + -18 + 22 - 16.
-11
What is the value of -9 - ((-5 + 27 + -5 - 5) + 3)?
-24
Calculate 2 + -30 + 29 + (3 - -3 - 1).
6
21 + -7 + 2 +